to base 14
-2db38
What is 202010120220010 (base 3) in base 4?
220310022333
Convert 7236 (base 15) to base 9.
36076
What is -106a7d (base 14) in base 5?
-120300414
What is -352286 (base 12) in base 5?
-204312042
-115564 (base 10) to base 12
-56a64
-650a406 (base 11) to base 16
-aeb065
Convert 1121001220000 (base 3) to base 2.
11001110111110000010
Convert -3856615 (base 12) to base 14.
-167dc89
What is 11440233 (base 5) in base 7?
632153
What is -21020200100200 (base 3) in base 12?
-1358b00
Convert 445451443 (base 6) to base 2.
11110111011110110010011
What is 203320331032 (base 4) in base 7?
142653355
What is 535760 (base 9) in base 6?
10501430
121121102011 (base 3) to base 12
139211
-31413202 (base 5) to base 3
-111101112012
3333210331 (base 4) to base 7
11620012
What is 11201121201121 (base 3) in base 5?
1120340214
What is -5173827 (base 10) in base 16?
-4ef243
-1035717 (base 8) to base 11
-17a502
Convert -222656 (base 11) to base 3.
-200000201222
Convert 3610423 (base 7) to base 9.
765054
Convert 38b51 (base 14) to base 12.
6882b
1858364 (base 11) to base 14
5bbc19
Convert -2232113300 (base 4) to base 9.
-1307652
Convert 38635 (base 10) to base 8.
113353
-4393a7 (base 13) to base 9
-2884730
-6265aa (base 14) to base 5
-1322240440
What is -1212020021 (base 3) in base 13?
-1388b
24646016 (base 7) to base 5
1032331244
What is -2202201102201 (base 3) in base 12?
-5ab131
What is 1452567 (base 10) in base 12?
5a0733
What is -1aa53e (base 16) in base 11?
-a92a7a
What is -3b3bb6 (base 14) in base 5?
-1010442341
What is 130636 (base 7) in base 3?
1020101011
-10d5a94 (base 15) to base 10
-12068014
-233405043 (base 6) to base 15
-5b5299
Convert 200000000022220 (base 3) to base 16.
91f7e2
What is -1623326 (base 7) in base 15?
-467ae
11220002112 (base 3) to base 15
1d7eb
41ccc (base 16) to base 8
1016314
What is 1623962 (base 11) in base 14?
522455
What is fc08e (base 16) in base 15?
155d24
What is -4357112 (base 8) in base 2?
-100011101111001001010
Convert -912719 (base 13) to base 5.
-1331011142
What is 158017 (base 13) in base 12?
21783a
What is -1023122441 (base 5) in base 6?
-114152340
71 (base 14) to base 11
90
What is -2a7159 (base 11) in base 3?
-220021201020
-175073 (base 8) to base 10
-64059
Convert 247903 (base 11) to base 5.
100003300
-321402 (base 7) to base 11
-38995
Convert -1011101011010000011 (base 2) to base 5.
-44220340
Convert 10000000111101110101 (base 2) to base 12.
215845
What is -22b819 (base 15) in base 2?
-110010101000001000101
What is -354185 (base 9) in base 4?
-310000202
-102202023 (base 4) to base 15
-17760
-2131213313 (base 5) to base 8
-21276740
-6141116 (base 8) to base 4
-12030021032
Convert -1086a1 (base 13) to base 6.
-12205342
-2885d (base 15) to base 13
-47308
-c264 (base 13) to base 11
-1913a
What is 50c2bb (base 13) in base 6?
104211025
-11220221000101 (base 3) to base 7
-31144651
What is 5066434 (base 8) in base 7?
14243530
Convert -12141847 (base 9) to base 6.
-331053324
What is 2402140330 (base 5) in base 12?
1a16217
-142243 (base 5) to base 11
-4518
What is 2333322003 (base 4) in base 7?
6452460
12179b (base 15) to base 13
24407c
1121001102020 (base 3) to base 13
238929
What is -2133110232 (base 4) in base 14?
-12db78
Convert -10231124 (base 5) to base 13.
-30443
What is 1023340 (base 10) in base 2?
11111001110101101100
Convert 724029 (base 10) to base 2.
10110000110000111101
What is 5a657 (base 11) in base 15?
1ad03
What is 1787855 (base 11) in base 6?
144511023
What is 100011110000111010101100 (base 2) in base 10?
9375404
-215215 (base 9) to base 3
-20112020112
Convert -111331311 (base 5) to base 13.
-1448bb
-13133222123 (base 4) to base 9
-3624048
21101222021 (base 3) to base 13
5147b
What is 85b22 (base 16) in base 13?
162346
What is -53430153 (base 6) in base 12?
-63b359
Convert -9b265 (base 14) to base 16.
-5be59
What is -100000011001100010 (base 2) in base 15?
-294c1
Convert 6581 (base 11) to base 10.
8680
What is -2266222 (base 8) in base 16?
-96c92
What is -595aa (base 11) in base 9?
-140754
What is 32213122322 (base 4) in base 15?
50a3c2
What is 18642a7 (base 11) in base 3?
12221012210020
-3641434 (base 7) to base 16
-71455
What is 105145 (base 15) in base 7?
6412652
What is 140010 (base 5) in base 15?
1a05
What is -2000002210001 (base 3) in base 8?
-4037714
Convert 124322300 (base 5) to base 12.
25ab99
868936 (base 13) to base 15
426837
What is -43a40 (base 11) in base 7?
-354016
Convert 6ee8d7 (base 15) to base 12.
1943464
20001110021222 (base 3) to base 6
152542512
-30003210 (base 4) to base 15
-e970
Convert -1000210201211 (base 3) to base 8.
-2054725
What is -42512 (base 13) in base 10?
-119498
Convert -114576 (base 9) to base 8.
-206610
11220101222 (base 3) to base 5
11042044
Convert 10010101110001110110 (base 2) to base 11.
389a22
Convert 1145045013 (base 6) to base 10.
13116609
Convert 11255212 (base 9) to base 16.
5373cb
Convert -11602544 (base 8) to base 4.
-21300111210
Convert -48261 (base 9) to base 16.
-7e25
-35548 (base 11) to base 15
-102aa
What is -200201210202010 (base 3) in base 14?
-14722a3
Convert 11132021 (base 5) to base 7.
561443
What is -101143003 (base 5) in base 16?
-64a5d
Convert -155146600 (base 7) to base 13.
-2238049
-d51bd (base 14) to base 7
-4236026
What is -57365 (base 9) in base 7?
-216254
What is -b4b8 (base 16) in base 14?
-12c08
Convert -1110011100111111011 (base 2) to base 8.
-1634773
Convert 27635228 (base 9) to base 12.
46ab38b
What is -71096 (base 12) in base 13?
-51ba3
Convert -2523231 (base 6) to base 7.
-1103053
Convert 112010103 (base 4) to base 15.
1bbac
What is 141133a (base 11) in base 12?
9935a7
Convert 179a89b (base 12) to base 16.
4b4577
-414946 (base 12) to base 11
-63a656
Convert -7548296 (base 10) to base 12.
-2640288
Convert 34d96 (base 16) to base 2.
110100110110010110
Convert 631662 (base 7) to base 12.
52b06
112020000212021 (base 3) to base 10
7558900
-48dd5 (base 14) to base 13
-63244
Convert 10011100010011100000 (base 2) to base 8.
2342340
What is 262782 (base 10) in base 16?
4027e
Convert 7236e3 (base 15) to base 6.
312204123
-10322233313 (base 4) to base 12
-52209b
What is 354c03 (base 13) in base 3?
2101101200120
What is 10010101010111011111 (base 2) in base 6?
21040235
What is 1012101111120 (base 3) in base 2?
10011011101001001000
Convert -1644413 (base 9) to base 4.
-3133130133
Convert -212031333 (base 6) to base 14.
-6d3ac1
What is 100110100111001011101 (base 2) in base 13?
353b87
What is 128147d (base 14) in base 5?
4240304101
What is 2e1b8 (base 16) in base 14?
4cb7a
Convert 20303243 (base 5) to base 15.
34318
Convert -30142045 (base 7) to base 2.
-1001100001110011011111
Convert -b839b (base 15) to base 7.
-4653440
-316154 (base 13) to base 14
-221336
Convert -6400161 (base 8) to base 5.
-414012144
390b (base 12) to base 4
1211123
Convert 431529 (base 12) to base 6.
34415253
What is 1a4600 (base 12) in base 14?
c1128
-1100101111001110101110 (base 2) to base 15
-45e5c2
What is -324418 (base 9) in base 15?
-3c51b
Convert 15203442 (base 7) to base 4.
11201030001
5b516 (base 15) to base 9
483643
100011110010101110 (base 2) to base 10
146606
Convert -1131033431 (base 5) to base 16.
-279d14
961547 (base 10) to base 15
13ed82
What is 1202101102 (base 3) in base 16?
86f0
Convert -288011 (base 9) to base 3.
-22222000101
Convert -31203003 (base 4) to base 9.
-84106
Convert a70bde (base 15) to base 13.
1854c29
What is -21230020200 (base 4) in base 11?
-148542a
-10614511 (base 7) to base 13
-266773
What is 1010011011011110010 (base 2) in base 10?
341746
12376 (base 8) to base 13
25a5
What is -346806 (base 13) in base 6?
-42345023
Convert -212133133 (base 4) to base 6.
-3213531
Convert 552518 (base 15) to base 10.
4057898
12022120220 (base 3) to base 8
314344
-731075 (base 8) to base 14
-643c9
What is 1b42a (base 16) in base 2?
11011010000101010
Convert 2c7788 (base 13) to base 16.
10d0a8
Convert -a6ef4b (base 16) to base 6.
-1030253123
What is 1120222100021 (base 3) in base 5?
204032030
What is b6746 (base 13) in base 10?
328594
Convert 113541405 (base 6) to base 8.
10133315
What is 162342 (base 10) in base 2?
100111101000100110
What is 4303033 (base 6) in base 9?
350823
What is -110111111110000011100 (base 2) in base 15?
-263627
What is 2990